98702007?
1
What is the thousands digit of 2926131215?
1
What is the thousands digit of 965298290?
8
What is the hundred millions digit of 1038496674?
0
What is the hundreds digit of 1055857779?
7
What is the thousands digit of 65867141?
7
What is the hundreds digit of 1408358003?
0
What is the billions digit of 1019093679?
1
What is the hundred thousands digit of 1303926103?
9
What is the hundred thousands digit of 22409855?
4
What is the millions digit of 35686452?
5
What is the tens digit of 647247326?
2
What is the units digit of 215348554?
4
What is the millions digit of 45091916?
5
What is the millions digit of 29601377?
9
What is the ten thousands digit of 67308086?
0
What is the millions digit of 6586841378?
6
What is the tens digit of 295959339?
3
What is the hundred thousands digit of 146178220?
1
What is the units digit of 194638626?
6
What is the hundred thousands digit of 1442962182?
9
What is the thousands digit of 61057320?
7
What is the tens digit of 5449514209?
0
What is the units digit of 60488436?
6
What is the thousands digit of 55342781?
2
What is the millions digit of 4555346?
4
What is the units digit of 195296908?
8
What is the ten thousands digit of 6534614?
3
What is the ten thousands digit of 356432775?
3
What is the ten millions digit of 5055821444?
5
What is the millions digit of 103657534?
3
What is the thousands digit of 67662575?
2
What is the hundreds digit of 1450489493?
4
What is the ten millions digit of 47176256?
4
What is the hundred millions digit of 115142503?
1
What is the ten millions digit of 589155947?
8
What is the units digit of 94693419?
9
What is the hundreds digit of 1564414819?
8
What is the millions digit of 29729865?
9
What is the millions digit of 398581376?
8
What is the units digit of 1463999056?
6
What is the hundred thousands digit of 140284527?
2
What is the billions digit of 8109561517?
8
What is the hundreds digit of 72948949?
9
What is the units digit of 139417546?
6
What is the millions digit of 1039013492?
9
What is the ten thousands digit of 86243637?
4
What is the thousands digit of 581132899?
2
What is the tens digit of 113574612?
1
What is the millions digit of 2448228?
2
What is the millions digit of 613189696?
3
What is the hundred thousands digit of 93348653?
3
What is the millions digit of 3745389420?
5
What is the tens digit of 206546686?
8
What is the units digit of 38699470?
0
What is the tens digit of 544274326?
2
What is the hundred millions digit of 2371030459?
3
What is the hundreds digit of 5479925495?
4
What is the hundred thousands digit of 1130648651?
6
What is the tens digit of 594780890?
9
What is the ten millions digit of 3510305097?
1
What is the millions digit of 260875501?
0
What is the units digit of 41844519?
9
What is the ten thousands digit of 1311736102?
3
What is the ten thousands digit of 61293944?
9
What is the hundred millions digit of 734356448?
7
What is the hundreds digit of 2484875393?
3
What is the ten millions digit of 3764359796?
6
What is the ten millions digit of 108172078?
0
What is the millions digit of 608162895?
8
What is the hundred thousands digit of 655495867?
4
What is the tens digit of 3670467708?
0
What is the units digit of 1586010032?
2
What is the thousands digit of 39891864?
1
What is the millions digit of 3705064806?
5
What is the thousands digit of 18464243?
4
What is the ten thousands digit of 302133082?
3
What is the hundreds digit of 32294202?
2
What is the thousands digit of 899055277?
5
What is the tens digit of 1538999513?
1
What is the ten thousands digit of 189397263?
9
What is the ten thousands digit of 2453988751?
8
What is the hundred thousands digit of 7034916836?
9
What is the ten millions digit of 169868191?
6
What is the units digit of 1937142511?
1
What is the tens digit of 526386941?
4
What is the hundred thousands digit of 942677223?
6
What is the tens digit of 62081391?
9
What is the thousands digit of 64716622?
6
What is the billions digit of 6166399265?
6
What is the millions digit of 80083819?
0
What is the hundreds digit of 1731408928?
9
What is the hundred thousands digit of 105894284?
8
What is the millions digit of 358746105?
8
What is the tens digit of 32210181?
8
What is the tens digit of 184404340?
4
What is the tens digit of 1306521653?
5
What is the millions digit of 3694802803?
4
What is the hundreds digit of 396367578?
5
What is the ten millions digit of 189555092?
8
What is the units digit of 124173582?
2
What is the ten thousands digit of 11801237?
0
What is the hundred millions digit of 3039186119?
0
What is the millions digit of 275826316?
5
What is the ten thousands digit of 1526760203?
6
What is the ten thousands digit of 48546253?
4
What is the hundred thousands digit of 727739222?
7
What is the millions digit of 177306770?
7
What is the ten thousands digit of 430576573?
7
What is the thousands digit of 26965344?
5
What is the hundred millions digit of 209155630?
2
What is the ten thousands digit of 60639748?
3
What is the millions digit of 769357123?
9
What is the millions digit of 4448539032?
8
What is the units digit of 368094457?
7
What is the hundreds digit of 91707381?
3
What is the hundreds digit of 3026773681?
6
What is the billions digit of 6403696600?
6
What is the ten thousands digit of 223828067?
2
What is the ten millions digit of 555798020?
5
What is the tens digit of 361862477?
7
What is the tens digit of 109219396?
9
What is the millions digit of 3679146327?
9
What is the hundred thousands digit of 74086431?
0
What is the hundred millions digit of 519688436?
5
What is the thousands digit of 20737245?
7
What is the millions digit of 907672611?
7
What is the hundreds digit of 187878704?
7
What is the ten thousands digit of 1592028603?
2
What is the millions digit of 125687008?
5
What is the thousands digit of 230218488?
8
What is the thousands digit of 160255393?
5
What is the thousands digit of 21459507?
9
What is the thousands digit of 41480855?
0
What is the millions digit of 3616048068?
6
What is the hundreds digit of 1645837559?
5
What is the ten thousands digit of 477840987?
4
What is the thousands digit of 1358348232?
8
What is the thousands digit of 5395243559?
3
What is the tens digit of 5754506999?
9
What is the thousands digit of 662012059?
2
What is the tens digit of 1763312769?
6
What is the hundred millions digit of 244972711?
2
What is the hundreds digit of 899987612?
6
What is the hundreds digit of 1698322552?
5
What is the millions digit of 185193581?
5
What is the ten thousands digit of 30549543?
4
What is the ten millions digit of 289556117?
8
What is the thousands digit of 237290264?
0
What is the tens digit of 6217158299?
9
What is the ten thousands digit of 2018406375?
0
What is the units digit of 143028407?
7
What is the units digit of 123040988?
8
What is the units digit of 6538421?
1
What is the tens digit of 31616763?
6
What is the units digit of 1349838435?
5
What is the thousands digit of 1559716589?
6
What is the ten millions digit of 485353686?
8
What is the hundred thousands digit of 247946951?
9
What is the ten millions digit of 214775838?
1
What is the thousands digit of 4558371549?
1
What is the hundred thousands digit of 376014027?
0
What is the thousands digit of 4593904185?
4
What is the millions digit of 257920309?
7
What is the hundreds digit of 299199953?
9
What is the hundred thousands digit of 208523949?
5
What is the millions digit of 14976352?
4
What is the ten millions digit of 259576825?
5
What is the ten thousands digit of 1843367259?
6
What is the units digit of 4648434970?
0
What is the millions digit of 145132513?
5
What is the hundreds digit of 316551901?
9
What is the millions digit of 67900858?
7
What is the hundred thousands digit of 4392150572?
1
What is the ten thousands digit of 75332328?
3
What is the ten millions digit of 56489161?
5
What is the hundreds digit of 932565673?
6
What is the ten millions digit of 444017838?
4
What is the hundreds digit of 842998884?
8
What is the billions digit of 3372023463?
3
What is the thousands digit of 143969832?
9
What is the ten millions digit of 414158095?
1
What is the tens digit of 37866011?
1
What is the ten millions digit of 179011575?
7
What is the hundreds digit o